{"id":9862,"date":"2019-11-28T11:25:25","date_gmt":"2019-11-28T10:25:25","guid":{"rendered":"http:\/\/www.zsbystrocice.cz\/?page_id=9862"},"modified":"2021-03-04T11:14:34","modified_gmt":"2021-03-04T10:14:34","slug":"ekohratky-2-sfzp-cr","status":"publish","type":"page","link":"https:\/\/www.zsbystrocice.cz\/?page_id=9862","title":{"rendered":"Ekohr\u00e1tky II &#8211; SF\u017dP \u010cR"},"content":{"rendered":"<p>&nbsp;<\/p>\n<p style=\"text-align: center;\"><a href=\"https:\/\/www.mzp.cz\/\"><img loading=\"lazy\" class=\"alignnone size-full wp-image-10853\" alt=\"Logo_MZP\" src=\"https:\/\/www.zsbystrocice.cz\/wp-content\/uploads\/2019\/11\/Logo_MZP.jpg\" width=\"268\" height=\"57\" \/><\/a><\/p>\n<p style=\"text-align: center;\"><a href=\"https:\/\/www.sfzp.cz\/\"><img loading=\"lazy\" class=\"alignnone size-full wp-image-4931\" alt=\"SFZP_CMYK_NEW\" src=\"https:\/\/www.zsbystrocice.cz\/wp-content\/uploads\/2016\/05\/SFZP_zkr_CMYKlogo150.jpg\" width=\"150\" height=\"146\" \/><\/a><\/p>\n<p style=\"text-align: left;\">\n<p style=\"text-align: left;\">Na\u0161e \u0161kola z\u00edskala dotaci na ozdravn\u00e9 pobyty \u017e\u00e1k\u016f Z\u0160 Bystro\u010dice v\u00a0Jesen\u00edk\u00e1ch. Tento projekt byl spolufinancov\u00e1n St\u00e1tn\u00edm fondem \u017eivotn\u00edho prost\u0159ed\u00ed \u010cesk\u00e9 republiky ( www.sfzp.cz ) na z\u00e1klad\u011b rozhodnut\u00ed ministra \u017eivotn\u00edho prost\u0159ed\u00ed\u00a0 \u00a0 \u00a0 \u00a0 \u00a0\u00a0( www.mzp.cz ). \u017d\u00e1ci se z\u00fa\u010dastnili dvou pobyt\u016f v\u00a0Karlov\u011b pod Prad\u011bdem v\u00a0term\u00ednech 14. 4. \u2013 18. 4. 2019 a 5. 1. \u2013 10. 1. 2020. Na pobytech byla zaji\u0161t\u011bna v\u00fduka ekologick\u00e9 v\u00fdchovy ( 30 hodin ) spolkem H\u00e1jenka. Hlavn\u00edmi t\u00e9maty ekoprogramu byla \u010distota ovzdu\u0161\u00ed, les, p\u016fda, udr\u017eiteln\u00fd rozvoj, voda probl\u00e9my \u017eivotn\u00edho prost\u0159ed\u00ed, \u010dlov\u011bk a krajina. Program byl pln\u00fd zaj\u00edmav\u00fdch informac\u00ed, pokus\u016f, her, vyr\u00e1b\u011bn\u00ed, pobytu venku. D\u011bti byly nad\u0161en\u00e9. V\u00fd\u0161e poskytnut\u00e9 finan\u010dn\u00ed dotace byla 82.250,-K\u010d. V\u0161echny fotky z\u00a0obou pobyt\u016f si m\u016f\u017eete prohl\u00e9dnout v\u00a0z\u00e1lo\u017ece Fotogalerie ( archiv \u0161koln\u00ed rok 2018\/2019, 2019\/2020 ).<\/p>\n<p>\u00a0<!-- index.php -->\n<div\n\tclass=\"ngg-galleryoverview\n\t ngg-ajax-pagination-none\t\"\n\tid=\"ngg-gallery-2d0f09dbb590e3c1f264a986c88df9ee-1\">\n\n\t\t<div class=\"slideshowlink\">\n\t\t<a href='https:\/\/www.zsbystrocice.cz\/index.php\/nggallery\/slideshow?page_id=9862'>[Spustit prezentaci]<\/a>\n\n\t<\/div>\n\t\t\t<!-- Thumbnails -->\n\t\t\t\t<div id=\"ngg-image-0\" class=\"ngg-gallery-thumbnail-box\"\n\t\t\t\t\t\t\t\t\t\t\t>\n\t\t\t\t\t\t<div class=\"ngg-gallery-thumbnail\">\n\t\t\t<a href=\"https:\/\/www.zsbystrocice.cz\/wp-content\/gallery\/14-4-2019-ekohratky-2\/p4145330.jpg\"\n\t\t\t\ttitle=\"\"\n\t\t\t\tdata-src=\"https:\/\/www.zsbystrocice.cz\/wp-content\/gallery\/14-4-2019-ekohratky-2\/p4145330.jpg\"\n\t\t\t\tdata-thumbnail=\"https:\/\/www.zsbystrocice.cz\/wp-content\/gallery\/14-4-2019-ekohratky-2\/thumbs\/thumbs_p4145330.jpg\"\n\t\t\t\tdata-image-id=\"7195\"\n\t\t\t\tdata-title=\"p4145330\"\n\t\t\t\tdata-description=\"\"\n\t\t\t\tdata-image-slug=\"p4145330\"\n\t\t\t\tclass=\"ngg-fancybox\" rel=\"2d0f09dbb590e3c1f264a986c88df9ee\">\n\t\t\t\t<img\n\t\t\t\t\ttitle=\"p4145330\"\n\t\t\t\t\talt=\"p4145330\"\n\t\t\t\t\tsrc=\"https:\/\/www.zsbystrocice.cz\/wp-content\/gallery\/14-4-2019-ekohratky-2\/thumbs\/thumbs_p4145330.jpg\"\n\t\t\t\t\twidth=\"120\"\n\t\t\t\t\theight=\"90\"\n\t\t\t\t\tstyle=\"max-width:100%;\"\n\t\t\t\t\/>\n\t\t\t<\/a>\n\t\t<\/div>\n\t\t\t\t\t\t\t<\/div>\n\t\t\t\n\t\t\n\t\t\t\t<div id=\"ngg-image-1\" class=\"ngg-gallery-thumbnail-box\"\n\t\t\t\t\t\t\t\t\t\t\t>\n\t\t\t\t\t\t<div class=\"ngg-gallery-thumbnail\">\n\t\t\t<a href=\"https:\/\/www.zsbystrocice.cz\/wp-content\/gallery\/14-4-2019-ekohratky-2\/p4145331.jpg\"\n\t\t\t\ttitle=\" \"\n\t\t\t\tdata-src=\"https:\/\/www.zsbystrocice.cz\/wp-content\/gallery\/14-4-2019-ekohratky-2\/p4145331.jpg\"\n\t\t\t\tdata-thumbnail=\"https:\/\/www.zsbystrocice.cz\/wp-content\/gallery\/14-4-2019-ekohratky-2\/thumbs\/thumbs_p4145331.jpg\"\n\t\t\t\tdata-image-id=\"7196\"\n\t\t\t\tdata-title=\"p4145331\"\n\t\t\t\tdata-description=\" \"\n\t\t\t\tdata-image-slug=\"p4145331\"\n\t\t\t\tclass=\"ngg-fancybox\" rel=\"2d0f09dbb590e3c1f264a986c88df9ee\">\n\t\t\t\t<img\n\t\t\t\t\ttitle=\"p4145331\"\n\t\t\t\t\talt=\"p4145331\"\n\t\t\t\t\tsrc=\"https:\/\/www.zsbystrocice.cz\/wp-content\/gallery\/14-4-2019-ekohratky-2\/thumbs\/thumbs_p4145331.jpg\"\n\t\t\t\t\twidth=\"120\"\n\t\t\t\t\theight=\"90\"\n\t\t\t\t\tstyle=\"max-width:100%;\"\n\t\t\t\t\/>\n\t\t\t<\/a>\n\t\t<\/div>\n\t\t\t\t\t\t\t<\/div>\n\t\t\t\n\t\t\n\t\t\t\t<div id=\"ngg-image-2\" class=\"ngg-gallery-thumbnail-box\"\n\t\t\t\t\t\t\t\t\t\t\t>\n\t\t\t\t\t\t<div class=\"ngg-gallery-thumbnail\">\n\t\t\t<a href=\"https:\/\/www.zsbystrocice.cz\/wp-content\/gallery\/14-4-2019-ekohratky-2\/p4145332.jpg\"\n\t\t\t\ttitle=\" \"\n\t\t\t\tdata-src=\"https:\/\/www.zsbystrocice.cz\/wp-content\/gallery\/14-4-2019-ekohratky-2\/p4145332.jpg\"\n\t\t\t\tdata-thumbnail=\"https:\/\/www.zsbystrocice.cz\/wp-content\/gallery\/14-4-2019-ekohratky-2\/thumbs\/thumbs_p4145332.jpg\"\n\t\t\t\tdata-image-id=\"7197\"\n\t\t\t\tdata-title=\"p4145332\"\n\t\t\t\tdata-description=\" \"\n\t\t\t\tdata-image-slug=\"p4145332\"\n\t\t\t\tclass=\"ngg-fancybox\" rel=\"2d0f09dbb590e3c1f264a986c88df9ee\">\n\t\t\t\t<img\n\t\t\t\t\ttitle=\"p4145332\"\n\t\t\t\t\talt=\"p4145332\"\n\t\t\t\t\tsrc=\"https:\/\/www.zsbystrocice.cz\/wp-content\/gallery\/14-4-2019-ekohratky-2\/thumbs\/thumbs_p4145332.jpg\"\n\t\t\t\t\twidth=\"120\"\n\t\t\t\t\theight=\"90\"\n\t\t\t\t\tstyle=\"max-width:100%;\"\n\t\t\t\t\/>\n\t\t\t<\/a>\n\t\t<\/div>\n\t\t\t\t\t\t\t<\/div>\n\t\t\t\n\t\t\n\t\t\t\t<div id=\"ngg-image-3\" class=\"ngg-gallery-thumbnail-box\"\n\t\t\t\t\t\t\t\t\t\t\t>\n\t\t\t\t\t\t<div class=\"ngg-gallery-thumbnail\">\n\t\t\t<a href=\"https:\/\/www.zsbystrocice.cz\/wp-content\/gallery\/14-4-2019-ekohratky-2\/p4145333.jpg\"\n\t\t\t\ttitle=\" \"\n\t\t\t\tdata-src=\"https:\/\/www.zsbystrocice.cz\/wp-content\/gallery\/14-4-2019-ekohratky-2\/p4145333.jpg\"\n\t\t\t\tdata-thumbnail=\"https:\/\/www.zsbystrocice.cz\/wp-content\/gallery\/14-4-2019-ekohratky-2\/thumbs\/thumbs_p4145333.jpg\"\n\t\t\t\tdata-image-id=\"7198\"\n\t\t\t\tdata-title=\"p4145333\"\n\t\t\t\tdata-description=\" \"\n\t\t\t\tdata-image-slug=\"p4145333\"\n\t\t\t\tclass=\"ngg-fancybox\" rel=\"2d0f09dbb590e3c1f264a986c88df9ee\">\n\t\t\t\t<img\n\t\t\t\t\ttitle=\"p4145333\"\n\t\t\t\t\talt=\"p4145333\"\n\t\t\t\t\tsrc=\"https:\/\/www.zsbystrocice.cz\/wp-content\/gallery\/14-4-2019-ekohratky-2\/thumbs\/thumbs_p4145333.jpg\"\n\t\t\t\t\twidth=\"120\"\n\t\t\t\t\theight=\"90\"\n\t\t\t\t\tstyle=\"max-width:100%;\"\n\t\t\t\t\/>\n\t\t\t<\/a>\n\t\t<\/div>\n\t\t\t\t\t\t\t<\/div>\n\t\t\t\n\t\t\n\t\t\t\t<div id=\"ngg-image-4\" class=\"ngg-gallery-thumbnail-box\"\n\t\t\t\t\t\t\t\t\t\t\t>\n\t\t\t\t\t\t<div class=\"ngg-gallery-thumbnail\">\n\t\t\t<a href=\"https:\/\/www.zsbystrocice.cz\/wp-content\/gallery\/ekohratky-2-15-4-2019\/p4150872.jpg\"\n\t\t\t\ttitle=\"\"\n\t\t\t\tdata-src=\"https:\/\/www.zsbystrocice.cz\/wp-content\/gallery\/ekohratky-2-15-4-2019\/p4150872.jpg\"\n\t\t\t\tdata-thumbnail=\"https:\/\/www.zsbystrocice.cz\/wp-content\/gallery\/ekohratky-2-15-4-2019\/thumbs\/thumbs_p4150872.jpg\"\n\t\t\t\tdata-image-id=\"7309\"\n\t\t\t\tdata-title=\"p4150872\"\n\t\t\t\tdata-description=\"\"\n\t\t\t\tdata-image-slug=\"p4150872-2\"\n\t\t\t\tclass=\"ngg-fancybox\" rel=\"2d0f09dbb590e3c1f264a986c88df9ee\">\n\t\t\t\t<img\n\t\t\t\t\ttitle=\"p4150872\"\n\t\t\t\t\talt=\"p4150872\"\n\t\t\t\t\tsrc=\"https:\/\/www.zsbystrocice.cz\/wp-content\/gallery\/ekohratky-2-15-4-2019\/thumbs\/thumbs_p4150872.jpg\"\n\t\t\t\t\twidth=\"120\"\n\t\t\t\t\theight=\"90\"\n\t\t\t\t\tstyle=\"max-width:100%;\"\n\t\t\t\t\/>\n\t\t\t<\/a>\n\t\t<\/div>\n\t\t\t\t\t\t\t<\/div>\n\t\t\t\n\t\t\n\t\t\t\t<div id=\"ngg-image-5\" class=\"ngg-gallery-thumbnail-box\"\n\t\t\t\t\t\t\t\t\t\t\t>\n\t\t\t\t\t\t<div class=\"ngg-gallery-thumbnail\">\n\t\t\t<a href=\"https:\/\/www.zsbystrocice.cz\/wp-content\/gallery\/ekohratky-2-15-4-2019\/p4150873.jpg\"\n\t\t\t\ttitle=\" \"\n\t\t\t\tdata-src=\"https:\/\/www.zsbystrocice.cz\/wp-content\/gallery\/ekohratky-2-15-4-2019\/p4150873.jpg\"\n\t\t\t\tdata-thumbnail=\"https:\/\/www.zsbystrocice.cz\/wp-content\/gallery\/ekohratky-2-15-4-2019\/thumbs\/thumbs_p4150873.jpg\"\n\t\t\t\tdata-image-id=\"7310\"\n\t\t\t\tdata-title=\"p4150873\"\n\t\t\t\tdata-description=\" \"\n\t\t\t\tdata-image-slug=\"p4150873-2\"\n\t\t\t\tclass=\"ngg-fancybox\" rel=\"2d0f09dbb590e3c1f264a986c88df9ee\">\n\t\t\t\t<img\n\t\t\t\t\ttitle=\"p4150873\"\n\t\t\t\t\talt=\"p4150873\"\n\t\t\t\t\tsrc=\"https:\/\/www.zsbystrocice.cz\/wp-content\/gallery\/ekohratky-2-15-4-2019\/thumbs\/thumbs_p4150873.jpg\"\n\t\t\t\t\twidth=\"120\"\n\t\t\t\t\theight=\"90\"\n\t\t\t\t\tstyle=\"max-width:100%;\"\n\t\t\t\t\/>\n\t\t\t<\/a>\n\t\t<\/div>\n\t\t\t\t\t\t\t<\/div>\n\t\t\t\n\t\t\n\t\t\t\t<div id=\"ngg-image-6\" class=\"ngg-gallery-thumbnail-box\"\n\t\t\t\t\t\t\t\t\t\t\t>\n\t\t\t\t\t\t<div class=\"ngg-gallery-thumbnail\">\n\t\t\t<a href=\"https:\/\/www.zsbystrocice.cz\/wp-content\/gallery\/ekohratky-2-15-4-2019\/p4150874.jpg\"\n\t\t\t\ttitle=\" \"\n\t\t\t\tdata-src=\"https:\/\/www.zsbystrocice.cz\/wp-content\/gallery\/ekohratky-2-15-4-2019\/p4150874.jpg\"\n\t\t\t\tdata-thumbnail=\"https:\/\/www.zsbystrocice.cz\/wp-content\/gallery\/ekohratky-2-15-4-2019\/thumbs\/thumbs_p4150874.jpg\"\n\t\t\t\tdata-image-id=\"7311\"\n\t\t\t\tdata-title=\"p4150874\"\n\t\t\t\tdata-description=\" \"\n\t\t\t\tdata-image-slug=\"p4150874-2\"\n\t\t\t\tclass=\"ngg-fancybox\" rel=\"2d0f09dbb590e3c1f264a986c88df9ee\">\n\t\t\t\t<img\n\t\t\t\t\ttitle=\"p4150874\"\n\t\t\t\t\talt=\"p4150874\"\n\t\t\t\t\tsrc=\"https:\/\/www.zsbystrocice.cz\/wp-content\/gallery\/ekohratky-2-15-4-2019\/thumbs\/thumbs_p4150874.jpg\"\n\t\t\t\t\twidth=\"120\"\n\t\t\t\t\theight=\"90\"\n\t\t\t\t\tstyle=\"max-width:100%;\"\n\t\t\t\t\/>\n\t\t\t<\/a>\n\t\t<\/div>\n\t\t\t\t\t\t\t<\/div>\n\t\t\t\n\t\t\n\t\t\t\t<div id=\"ngg-image-7\" class=\"ngg-gallery-thumbnail-box\"\n\t\t\t\t\t\t\t\t\t\t\t>\n\t\t\t\t\t\t<div class=\"ngg-gallery-thumbnail\">\n\t\t\t<a href=\"https:\/\/www.zsbystrocice.cz\/wp-content\/gallery\/ekohratky-2-15-4-2019\/p4150875.jpg\"\n\t\t\t\ttitle=\" \"\n\t\t\t\tdata-src=\"https:\/\/www.zsbystrocice.cz\/wp-content\/gallery\/ekohratky-2-15-4-2019\/p4150875.jpg\"\n\t\t\t\tdata-thumbnail=\"https:\/\/www.zsbystrocice.cz\/wp-content\/gallery\/ekohratky-2-15-4-2019\/thumbs\/thumbs_p4150875.jpg\"\n\t\t\t\tdata-image-id=\"7312\"\n\t\t\t\tdata-title=\"p4150875\"\n\t\t\t\tdata-description=\" \"\n\t\t\t\tdata-image-slug=\"p4150875-2\"\n\t\t\t\tclass=\"ngg-fancybox\" rel=\"2d0f09dbb590e3c1f264a986c88df9ee\">\n\t\t\t\t<img\n\t\t\t\t\ttitle=\"p4150875\"\n\t\t\t\t\talt=\"p4150875\"\n\t\t\t\t\tsrc=\"https:\/\/www.zsbystrocice.cz\/wp-content\/gallery\/ekohratky-2-15-4-2019\/thumbs\/thumbs_p4150875.jpg\"\n\t\t\t\t\twidth=\"120\"\n\t\t\t\t\theight=\"90\"\n\t\t\t\t\tstyle=\"max-width:100%;\"\n\t\t\t\t\/>\n\t\t\t<\/a>\n\t\t<\/div>\n\t\t\t\t\t\t\t<\/div>\n\t\t\t\n\t\t\n\t\t\t\t<div id=\"ngg-image-8\" class=\"ngg-gallery-thumbnail-box\"\n\t\t\t\t\t\t\t\t\t\t\t>\n\t\t\t\t\t\t<div class=\"ngg-gallery-thumbnail\">\n\t\t\t<a href=\"https:\/\/www.zsbystrocice.cz\/wp-content\/gallery\/ekohratky-2-15-4-2019\/p4150876.jpg\"\n\t\t\t\ttitle=\" \"\n\t\t\t\tdata-src=\"https:\/\/www.zsbystrocice.cz\/wp-content\/gallery\/ekohratky-2-15-4-2019\/p4150876.jpg\"\n\t\t\t\tdata-thumbnail=\"https:\/\/www.zsbystrocice.cz\/wp-content\/gallery\/ekohratky-2-15-4-2019\/thumbs\/thumbs_p4150876.jpg\"\n\t\t\t\tdata-image-id=\"7313\"\n\t\t\t\tdata-title=\"p4150876\"\n\t\t\t\tdata-description=\" \"\n\t\t\t\tdata-image-slug=\"p4150876-2\"\n\t\t\t\tclass=\"ngg-fancybox\" rel=\"2d0f09dbb590e3c1f264a986c88df9ee\">\n\t\t\t\t<img\n\t\t\t\t\ttitle=\"p4150876\"\n\t\t\t\t\talt=\"p4150876\"\n\t\t\t\t\tsrc=\"https:\/\/www.zsbystrocice.cz\/wp-content\/gallery\/ekohratky-2-15-4-2019\/thumbs\/thumbs_p4150876.jpg\"\n\t\t\t\t\twidth=\"120\"\n\t\t\t\t\theight=\"90\"\n\t\t\t\t\tstyle=\"max-width:100%;\"\n\t\t\t\t\/>\n\t\t\t<\/a>\n\t\t<\/div>\n\t\t\t\t\t\t\t<\/div>\n\t\t\t\n\t\t\n\t\t\t\t<div id=\"ngg-image-9\" class=\"ngg-gallery-thumbnail-box\"\n\t\t\t\t\t\t\t\t\t\t\t>\n\t\t\t\t\t\t<div class=\"ngg-gallery-thumbnail\">\n\t\t\t<a href=\"https:\/\/www.zsbystrocice.cz\/wp-content\/gallery\/ekohratky-2-15-4-2019\/p4150877.jpg\"\n\t\t\t\ttitle=\" \"\n\t\t\t\tdata-src=\"https:\/\/www.zsbystrocice.cz\/wp-content\/gallery\/ekohratky-2-15-4-2019\/p4150877.jpg\"\n\t\t\t\tdata-thumbnail=\"https:\/\/www.zsbystrocice.cz\/wp-content\/gallery\/ekohratky-2-15-4-2019\/thumbs\/thumbs_p4150877.jpg\"\n\t\t\t\tdata-image-id=\"7314\"\n\t\t\t\tdata-title=\"p4150877\"\n\t\t\t\tdata-description=\" \"\n\t\t\t\tdata-image-slug=\"p4150877-2\"\n\t\t\t\tclass=\"ngg-fancybox\" rel=\"2d0f09dbb590e3c1f264a986c88df9ee\">\n\t\t\t\t<img\n\t\t\t\t\ttitle=\"p4150877\"\n\t\t\t\t\talt=\"p4150877\"\n\t\t\t\t\tsrc=\"https:\/\/www.zsbystrocice.cz\/wp-content\/gallery\/ekohratky-2-15-4-2019\/thumbs\/thumbs_p4150877.jpg\"\n\t\t\t\t\twidth=\"120\"\n\t\t\t\t\theight=\"90\"\n\t\t\t\t\tstyle=\"max-width:100%;\"\n\t\t\t\t\/>\n\t\t\t<\/a>\n\t\t<\/div>\n\t\t\t\t\t\t\t<\/div>\n\t\t\t\n\t\t\n\t\t\t\t<div id=\"ngg-image-10\" class=\"ngg-gallery-thumbnail-box\"\n\t\t\t\t\t\t\t\t\t\t\t>\n\t\t\t\t\t\t<div class=\"ngg-gallery-thumbnail\">\n\t\t\t<a href=\"https:\/\/www.zsbystrocice.cz\/wp-content\/gallery\/ekohratky-2-15-4-2019\/p4150878.jpg\"\n\t\t\t\ttitle=\" \"\n\t\t\t\tdata-src=\"https:\/\/www.zsbystrocice.cz\/wp-content\/gallery\/ekohratky-2-15-4-2019\/p4150878.jpg\"\n\t\t\t\tdata-thumbnail=\"https:\/\/www.zsbystrocice.cz\/wp-content\/gallery\/ekohratky-2-15-4-2019\/thumbs\/thumbs_p4150878.jpg\"\n\t\t\t\tdata-image-id=\"7315\"\n\t\t\t\tdata-title=\"p4150878\"\n\t\t\t\tdata-description=\" \"\n\t\t\t\tdata-image-slug=\"p4150878-2\"\n\t\t\t\tclass=\"ngg-fancybox\" rel=\"2d0f09dbb590e3c1f264a986c88df9ee\">\n\t\t\t\t<img\n\t\t\t\t\ttitle=\"p4150878\"\n\t\t\t\t\talt=\"p4150878\"\n\t\t\t\t\tsrc=\"https:\/\/www.zsbystrocice.cz\/wp-content\/gallery\/ekohratky-2-15-4-2019\/thumbs\/thumbs_p4150878.jpg\"\n\t\t\t\t\twidth=\"120\"\n\t\t\t\t\theight=\"90\"\n\t\t\t\t\tstyle=\"max-width:100%;\"\n\t\t\t\t\/>\n\t\t\t<\/a>\n\t\t<\/div>\n\t\t\t\t\t\t\t<\/div>\n\t\t\t\n\t\t\n\t\t\t\t<div id=\"ngg-image-11\" class=\"ngg-gallery-thumbnail-box\"\n\t\t\t\t\t\t\t\t\t\t\t>\n\t\t\t\t\t\t<div class=\"ngg-gallery-thumbnail\">\n\t\t\t<a href=\"https:\/\/www.zsbystrocice.cz\/wp-content\/gallery\/ekohratky-2-15-4-2019\/p4150879.jpg\"\n\t\t\t\ttitle=\" \"\n\t\t\t\tdata-src=\"https:\/\/www.zsbystrocice.cz\/wp-content\/gallery\/ekohratky-2-15-4-2019\/p4150879.jpg\"\n\t\t\t\tdata-thumbnail=\"https:\/\/www.zsbystrocice.cz\/wp-content\/gallery\/ekohratky-2-15-4-2019\/thumbs\/thumbs_p4150879.jpg\"\n\t\t\t\tdata-image-id=\"7316\"\n\t\t\t\tdata-title=\"p4150879\"\n\t\t\t\tdata-description=\" \"\n\t\t\t\tdata-image-slug=\"p4150879-2\"\n\t\t\t\tclass=\"ngg-fancybox\" rel=\"2d0f09dbb590e3c1f264a986c88df9ee\">\n\t\t\t\t<img\n\t\t\t\t\ttitle=\"p4150879\"\n\t\t\t\t\talt=\"p4150879\"\n\t\t\t\t\tsrc=\"https:\/\/www.zsbystrocice.cz\/wp-content\/gallery\/ekohratky-2-15-4-2019\/thumbs\/thumbs_p4150879.jpg\"\n\t\t\t\t\twidth=\"120\"\n\t\t\t\t\theight=\"90\"\n\t\t\t\t\tstyle=\"max-width:100%;\"\n\t\t\t\t\/>\n\t\t\t<\/a>\n\t\t<\/div>\n\t\t\t\t\t\t\t<\/div>\n\t\t\t\n\t\t\n\t\t\t\t<div id=\"ngg-image-12\" class=\"ngg-gallery-thumbnail-box\"\n\t\t\t\t\t\t\t\t\t\t\t>\n\t\t\t\t\t\t<div class=\"ngg-gallery-thumbnail\">\n\t\t\t<a href=\"https:\/\/www.zsbystrocice.cz\/wp-content\/gallery\/ekohratky-2-15-4-2019\/p4150880.jpg\"\n\t\t\t\ttitle=\" \"\n\t\t\t\tdata-src=\"https:\/\/www.zsbystrocice.cz\/wp-content\/gallery\/ekohratky-2-15-4-2019\/p4150880.jpg\"\n\t\t\t\tdata-thumbnail=\"https:\/\/www.zsbystrocice.cz\/wp-content\/gallery\/ekohratky-2-15-4-2019\/thumbs\/thumbs_p4150880.jpg\"\n\t\t\t\tdata-image-id=\"7317\"\n\t\t\t\tdata-title=\"p4150880\"\n\t\t\t\tdata-description=\" \"\n\t\t\t\tdata-image-slug=\"p4150880-2\"\n\t\t\t\tclass=\"ngg-fancybox\" rel=\"2d0f09dbb590e3c1f264a986c88df9ee\">\n\t\t\t\t<img\n\t\t\t\t\ttitle=\"p4150880\"\n\t\t\t\t\talt=\"p4150880\"\n\t\t\t\t\tsrc=\"https:\/\/www.zsbystrocice.cz\/wp-content\/gallery\/ekohratky-2-15-4-2019\/thumbs\/thumbs_p4150880.jpg\"\n\t\t\t\t\twidth=\"120\"\n\t\t\t\t\theight=\"90\"\n\t\t\t\t\tstyle=\"max-width:100%;\"\n\t\t\t\t\/>\n\t\t\t<\/a>\n\t\t<\/div>\n\t\t\t\t\t\t\t<\/div>\n\t\t\t\n\t\t\n\t\t\t\t<div id=\"ngg-image-13\" class=\"ngg-gallery-thumbnail-box\"\n\t\t\t\t\t\t\t\t\t\t\t>\n\t\t\t\t\t\t<div class=\"ngg-gallery-thumbnail\">\n\t\t\t<a href=\"https:\/\/www.zsbystrocice.cz\/wp-content\/gallery\/ekohratky-2-15-4-2019\/p4150881.jpg\"\n\t\t\t\ttitle=\" \"\n\t\t\t\tdata-src=\"https:\/\/www.zsbystrocice.cz\/wp-content\/gallery\/ekohratky-2-15-4-2019\/p4150881.jpg\"\n\t\t\t\tdata-thumbnail=\"https:\/\/www.zsbystrocice.cz\/wp-content\/gallery\/ekohratky-2-15-4-2019\/thumbs\/thumbs_p4150881.jpg\"\n\t\t\t\tdata-image-id=\"7318\"\n\t\t\t\tdata-title=\"p4150881\"\n\t\t\t\tdata-description=\" \"\n\t\t\t\tdata-image-slug=\"p4150881-2\"\n\t\t\t\tclass=\"ngg-fancybox\" rel=\"2d0f09dbb590e3c1f264a986c88df9ee\">\n\t\t\t\t<img\n\t\t\t\t\ttitle=\"p4150881\"\n\t\t\t\t\talt=\"p4150881\"\n\t\t\t\t\tsrc=\"https:\/\/www.zsbystrocice.cz\/wp-content\/gallery\/ekohratky-2-15-4-2019\/thumbs\/thumbs_p4150881.jpg\"\n\t\t\t\t\twidth=\"120\"\n\t\t\t\t\theight=\"90\"\n\t\t\t\t\tstyle=\"max-width:100%;\"\n\t\t\t\t\/>\n\t\t\t<\/a>\n\t\t<\/div>\n\t\t\t\t\t\t\t<\/div>\n\t\t\t\n\t\t\n\t\t\t\t<div id=\"ngg-image-14\" class=\"ngg-gallery-thumbnail-box\"\n\t\t\t\t\t\t\t\t\t\t\t>\n\t\t\t\t\t\t<div class=\"ngg-gallery-thumbnail\">\n\t\t\t<a href=\"https:\/\/www.zsbystrocice.cz\/wp-content\/gallery\/ekohratky-2-15-4-2019\/p4150882.jpg\"\n\t\t\t\ttitle=\" \"\n\t\t\t\tdata-src=\"https:\/\/www.zsbystrocice.cz\/wp-content\/gallery\/ekohratky-2-15-4-2019\/p4150882.jpg\"\n\t\t\t\tdata-thumbnail=\"https:\/\/www.zsbystrocice.cz\/wp-content\/gallery\/ekohratky-2-15-4-2019\/thumbs\/thumbs_p4150882.jpg\"\n\t\t\t\tdata-image-id=\"7319\"\n\t\t\t\tdata-title=\"p4150882\"\n\t\t\t\tdata-description=\" \"\n\t\t\t\tdata-image-slug=\"p4150882-2\"\n\t\t\t\tclass=\"ngg-fancybox\" rel=\"2d0f09dbb590e3c1f264a986c88df9ee\">\n\t\t\t\t<img\n\t\t\t\t\ttitle=\"p4150882\"\n\t\t\t\t\talt=\"p4150882\"\n\t\t\t\t\tsrc=\"https:\/\/www.zsbystrocice.cz\/wp-content\/gallery\/ekohratky-2-15-4-2019\/thumbs\/thumbs_p4150882.jpg\"\n\t\t\t\t\twidth=\"120\"\n\t\t\t\t\theight=\"90\"\n\t\t\t\t\tstyle=\"max-width:100%;\"\n\t\t\t\t\/>\n\t\t\t<\/a>\n\t\t<\/div>\n\t\t\t\t\t\t\t<\/div>\n\t\t\t\n\t\t\n\t\t\t\t<div id=\"ngg-image-15\" class=\"ngg-gallery-thumbnail-box\"\n\t\t\t\t\t\t\t\t\t\t\t>\n\t\t\t\t\t\t<div class=\"ngg-gallery-thumbnail\">\n\t\t\t<a href=\"https:\/\/www.zsbystrocice.cz\/wp-content\/gallery\/ekohratky-2-15-4-2019\/p4150883.jpg\"\n\t\t\t\ttitle=\" \"\n\t\t\t\tdata-src=\"https:\/\/www.zsbystrocice.cz\/wp-content\/gallery\/ekohratky-2-15-4-2019\/p4150883.jpg\"\n\t\t\t\tdata-thumbnail=\"https:\/\/www.zsbystrocice.cz\/wp-content\/gallery\/ekohratky-2-15-4-2019\/thumbs\/thumbs_p4150883.jpg\"\n\t\t\t\tdata-image-id=\"7320\"\n\t\t\t\tdata-title=\"p4150883\"\n\t\t\t\tdata-description=\" \"\n\t\t\t\tdata-image-slug=\"p4150883-2\"\n\t\t\t\tclass=\"ngg-fancybox\" rel=\"2d0f09dbb590e3c1f264a986c88df9ee\">\n\t\t\t\t<img\n\t\t\t\t\ttitle=\"p4150883\"\n\t\t\t\t\talt=\"p4150883\"\n\t\t\t\t\tsrc=\"https:\/\/www.zsbystrocice.cz\/wp-content\/gallery\/ekohratky-2-15-4-2019\/thumbs\/thumbs_p4150883.jpg\"\n\t\t\t\t\twidth=\"120\"\n\t\t\t\t\theight=\"90\"\n\t\t\t\t\tstyle=\"max-width:100%;\"\n\t\t\t\t\/>\n\t\t\t<\/a>\n\t\t<\/div>\n\t\t\t\t\t\t\t<\/div>\n\t\t\t\n\t\t\n\t\t\t\t<div id=\"ngg-image-16\" class=\"ngg-gallery-thumbnail-box\"\n\t\t\t\t\t\t\t\t\t\t\t>\n\t\t\t\t\t\t<div class=\"ngg-gallery-thumbnail\">\n\t\t\t<a href=\"https:\/\/www.zsbystrocice.cz\/wp-content\/gallery\/ekohratky-2-15-4-2019\/p4150884.jpg\"\n\t\t\t\ttitle=\" \"\n\t\t\t\tdata-src=\"https:\/\/www.zsbystrocice.cz\/wp-content\/gallery\/ekohratky-2-15-4-2019\/p4150884.jpg\"\n\t\t\t\tdata-thumbnail=\"https:\/\/www.zsbystrocice.cz\/wp-content\/gallery\/ekohratky-2-15-4-2019\/thumbs\/thumbs_p4150884.jpg\"\n\t\t\t\tdata-image-id=\"7321\"\n\t\t\t\tdata-title=\"p4150884\"\n\t\t\t\tdata-description=\" \"\n\t\t\t\tdata-image-slug=\"p4150884-2\"\n\t\t\t\tclass=\"ngg-fancybox\" rel=\"2d0f09dbb590e3c1f264a986c88df9ee\">\n\t\t\t\t<img\n\t\t\t\t\ttitle=\"p4150884\"\n\t\t\t\t\talt=\"p4150884\"\n\t\t\t\t\tsrc=\"https:\/\/www.zsbystrocice.cz\/wp-content\/gallery\/ekohratky-2-15-4-2019\/thumbs\/thumbs_p4150884.jpg\"\n\t\t\t\t\twidth=\"120\"\n\t\t\t\t\theight=\"90\"\n\t\t\t\t\tstyle=\"max-width:100%;\"\n\t\t\t\t\/>\n\t\t\t<\/a>\n\t\t<\/div>\n\t\t\t\t\t\t\t<\/div>\n\t\t\t\n\t\t\n\t\t\t\t<div id=\"ngg-image-17\" class=\"ngg-gallery-thumbnail-box\"\n\t\t\t\t\t\t\t\t\t\t\t>\n\t\t\t\t\t\t<div class=\"ngg-gallery-thumbnail\">\n\t\t\t<a href=\"https:\/\/www.zsbystrocice.cz\/wp-content\/gallery\/ekohratky-2-15-4-2019\/p4150885.jpg\"\n\t\t\t\ttitle=\" \"\n\t\t\t\tdata-src=\"https:\/\/www.zsbystrocice.cz\/wp-content\/gallery\/ekohratky-2-15-4-2019\/p4150885.jpg\"\n\t\t\t\tdata-thumbnail=\"https:\/\/www.zsbystrocice.cz\/wp-content\/gallery\/ekohratky-2-15-4-2019\/thumbs\/thumbs_p4150885.jpg\"\n\t\t\t\tdata-image-id=\"7322\"\n\t\t\t\tdata-title=\"p4150885\"\n\t\t\t\tdata-description=\" \"\n\t\t\t\tdata-image-slug=\"p4150885-2\"\n\t\t\t\tclass=\"ngg-fancybox\" rel=\"2d0f09dbb590e3c1f264a986c88df9ee\">\n\t\t\t\t<img\n\t\t\t\t\ttitle=\"p4150885\"\n\t\t\t\t\talt=\"p4150885\"\n\t\t\t\t\tsrc=\"https:\/\/www.zsbystrocice.cz\/wp-content\/gallery\/ekohratky-2-15-4-2019\/thumbs\/thumbs_p4150885.jpg\"\n\t\t\t\t\twidth=\"120\"\n\t\t\t\t\theight=\"90\"\n\t\t\t\t\tstyle=\"max-width:100%;\"\n\t\t\t\t\/>\n\t\t\t<\/a>\n\t\t<\/div>\n\t\t\t\t\t\t\t<\/div>\n\t\t\t\n\t\t\n\t\t\t\t<div id=\"ngg-image-18\" class=\"ngg-gallery-thumbnail-box\"\n\t\t\t\t\t\t\t\t\t\t\t>\n\t\t\t\t\t\t<div class=\"ngg-gallery-thumbnail\">\n\t\t\t<a href=\"https:\/\/www.zsbystrocice.cz\/wp-content\/gallery\/ekohratky-2-15-4-2019\/p4150886.jpg\"\n\t\t\t\ttitle=\" \"\n\t\t\t\tdata-src=\"https:\/\/www.zsbystrocice.cz\/wp-content\/gallery\/ekohratky-2-15-4-2019\/p4150886.jpg\"\n\t\t\t\tdata-thumbnail=\"https:\/\/www.zsbystrocice.cz\/wp-content\/gallery\/ekohratky-2-15-4-2019\/thumbs\/thumbs_p4150886.jpg\"\n\t\t\t\tdata-image-id=\"7323\"\n\t\t\t\tdata-title=\"p4150886\"\n\t\t\t\tdata-description=\" \"\n\t\t\t\tdata-image-slug=\"p4150886-2\"\n\t\t\t\tclass=\"ngg-fancybox\" rel=\"2d0f09dbb590e3c1f264a986c88df9ee\">\n\t\t\t\t<img\n\t\t\t\t\ttitle=\"p4150886\"\n\t\t\t\t\talt=\"p4150886\"\n\t\t\t\t\tsrc=\"https:\/\/www.zsbystrocice.cz\/wp-content\/gallery\/ekohratky-2-15-4-2019\/thumbs\/thumbs_p4150886.jpg\"\n\t\t\t\t\twidth=\"120\"\n\t\t\t\t\theight=\"90\"\n\t\t\t\t\tstyle=\"max-width:100%;\"\n\t\t\t\t\/>\n\t\t\t<\/a>\n\t\t<\/div>\n\t\t\t\t\t\t\t<\/div>\n\t\t\t\n\t\t\n\t\t\t\t<div id=\"ngg-image-19\" class=\"ngg-gallery-thumbnail-box\"\n\t\t\t\t\t\t\t\t\t\t\t>\n\t\t\t\t\t\t<div class=\"ngg-gallery-thumbnail\">\n\t\t\t<a href=\"https:\/\/www.zsbystrocice.cz\/wp-content\/gallery\/ekohratky-2-15-4-2019\/p4150887.jpg\"\n\t\t\t\ttitle=\" \"\n\t\t\t\tdata-src=\"https:\/\/www.zsbystrocice.cz\/wp-content\/gallery\/ekohratky-2-15-4-2019\/p4150887.jpg\"\n\t\t\t\tdata-thumbnail=\"https:\/\/www.zsbystrocice.cz\/wp-content\/gallery\/ekohratky-2-15-4-2019\/thumbs\/thumbs_p4150887.jpg\"\n\t\t\t\tdata-image-id=\"7324\"\n\t\t\t\tdata-title=\"p4150887\"\n\t\t\t\tdata-description=\" \"\n\t\t\t\tdata-image-slug=\"p4150887-2\"\n\t\t\t\tclass=\"ngg-fancybox\" rel=\"2d0f09dbb590e3c1f264a986c88df9ee\">\n\t\t\t\t<img\n\t\t\t\t\ttitle=\"p4150887\"\n\t\t\t\t\talt=\"p4150887\"\n\t\t\t\t\tsrc=\"https:\/\/www.zsbystrocice.cz\/wp-content\/gallery\/ekohratky-2-15-4-2019\/thumbs\/thumbs_p4150887.jpg\"\n\t\t\t\t\twidth=\"120\"\n\t\t\t\t\theight=\"90\"\n\t\t\t\t\tstyle=\"max-width:100%;\"\n\t\t\t\t\/>\n\t\t\t<\/a>\n\t\t<\/div>\n\t\t\t\t\t\t\t<\/div>\n\t\t\t\n\t\t\n\t\t\n\t\t<!-- Pagination -->\n\t\t<div class='ngg-navigation'><span class='current'>1<\/span>\n<a class='page-numbers' data-pageid='2' href='https:\/\/www.zsbystrocice.cz\/index.php\/nggallery\/page\/2?page_id=9862'>2<\/a>\n<span class='ellipsis'>...<\/span>\n<a class='page-numbers' data-pageid='13' href='https:\/\/www.zsbystrocice.cz\/index.php\/nggallery\/page\/13?page_id=9862'>13<\/a>\n<a class='prev' href='https:\/\/www.zsbystrocice.cz\/index.php\/nggallery\/page\/2?page_id=9862' data-pageid=2>&#9658;<\/a><\/div>\t<\/div>\n<\/p>\n","protected":false},"excerpt":{"rendered":"<p>&nbsp; Na\u0161e \u0161kola z\u00edskala dotaci na ozdravn\u00e9 pobyty \u017e\u00e1k\u016f Z\u0160 Bystro\u010dice v\u00a0Jesen\u00edk\u00e1ch. Tento projekt byl spolufinancov\u00e1n St\u00e1tn\u00edm fondem \u017eivotn\u00edho prost\u0159ed\u00ed \u010cesk\u00e9 republiky ( www.sfzp.cz ) na z\u00e1klad\u011b rozhodnut\u00ed ministra \u017eivotn\u00edho prost\u0159ed\u00ed\u00a0 \u00a0 \u00a0 \u00a0 \u00a0\u00a0( www.mzp.cz ). \u017d\u00e1ci se z\u00fa\u010dastnili dvou pobyt\u016f v\u00a0Karlov\u011b pod Prad\u011bdem v\u00a0term\u00ednech 14. 4. \u2013 18. [&hellip;]<\/p>\n","protected":false},"author":2,"featured_media":0,"parent":132,"menu_order":2,"comment_status":"closed","ping_status":"open","template":"","meta":{"ngg_post_thumbnail":0},"_links":{"self":[{"href":"https:\/\/www.zsbystrocice.cz\/index.php?rest_route=\/wp\/v2\/pages\/9862"}],"collection":[{"href":"https:\/\/www.zsbystrocice.cz\/index.php?rest_route=\/wp\/v2\/pages"}],"about":[{"href":"https:\/\/www.zsbystrocice.cz\/index.php?rest_route=\/wp\/v2\/types\/page"}],"author":[{"embeddable":true,"href":"https:\/\/www.zsbystrocice.cz\/index.php?rest_route=\/wp\/v2\/users\/2"}],"replies":[{"embeddable":true,"href":"https:\/\/www.zsbystrocice.cz\/index.php?rest_route=%2Fwp%2Fv2%2Fcomments&post=9862"}],"version-history":[{"count":9,"href":"https:\/\/www.zsbystrocice.cz\/index.php?rest_route=\/wp\/v2\/pages\/9862\/revisions"}],"predecessor-version":[{"id":10852,"href":"https:\/\/www.zsbystrocice.cz\/index.php?rest_route=\/wp\/v2\/pages\/9862\/revisions\/10852"}],"up":[{"embeddable":true,"href":"https:\/\/www.zsbystrocice.cz\/index.php?rest_route=\/wp\/v2\/pages\/132"}],"wp:attachment":[{"href":"https:\/\/www.zsbystrocice.cz\/index.php?rest_route=%2Fwp%2Fv2%2Fmedia&parent=9862"}],"curies":[{"name":"wp","href":"https:\/\/api.w.org\/{rel}","templated":true}]}}