{"id":7972,"date":"2017-12-12T11:22:00","date_gmt":"2017-12-12T10:22:00","guid":{"rendered":"http:\/\/www.zsbystrocice.cz\/?page_id=7972"},"modified":"2025-09-04T13:17:54","modified_gmt":"2025-09-04T12:17:54","slug":"miniskolicka","status":"publish","type":"page","link":"https:\/\/www.zsbystrocice.cz\/?page_id=7972","title":{"rendered":"Mini\u0161koli\u010dka"},"content":{"rendered":"\n<p>V\u00e1\u017een\u00ed rodi\u010de,<\/p>\n\n\n\n<p>na\u0161e mate\u0159sk\u00e1 \u0161kola Bystro\u010dice vytvo\u0159ila, pro V\u00e1s a Va\u0161e d\u011bti, nov\u00fd adapta\u010dn\u00ed program s n\u00e1zvem MINI\u0160KOLI\u010cKA, jeho\u017e c\u00edlem je usnadnit adaptaci d\u00edt\u011bte p\u0159i vstupu do M\u0160 a rodi\u010d\u016fm umo\u017enit poznat styl v\u00fdchovn\u011b vzd\u011bl\u00e1vac\u00ed pr\u00e1ce M\u0160.<\/p>\n\n\n\n<p>Hlavn\u00edm c\u00edlem programu je d\u00edt\u011b co nejv\u00edce upoutat, zaujmout a sezn\u00e1mit se s n\u00edm do t\u00e9 m\u00edry, \u017ee bude k p. u\u010ditelce chodit bez maminky \u010di tat\u00ednka, bude komunikovat a u\u010d. p\u0159ijme jako dal\u0161\u00edho \u010dlov\u011bka, kter\u00e9ho zn\u00e1 a kter\u00fd k n\u011bmu pat\u0159\u00ed v prost\u0159ed\u00ed mimo domov.<\/p>\n\n\n\n<p>Mate\u0159sk\u00e1 \u0161kola se pro d\u00edt\u011b stane m\u00edstem, ve kter\u00e9m si hraje, kam se t\u011b\u0161\u00ed, kam chod\u00ed s maminkou \u010di jin\u00fdm rodinn\u00fdm p\u0159\u00edslu\u0161n\u00edkem.<\/p>\n\n\n\n<p>Tento program prob\u00edh\u00e1 ji\u017e p\u0159ed n\u00e1stupem do M\u0160, tedy v jarn\u00edch m\u011bs\u00edc\u00edch (duben, kv\u011bten, \u010derven), v\u017edy 1x t\u00fddn\u011b 1 hodinu (15.00 \u2013 16.00 hod.).<\/p>\n\n\n\n<p>Do tohoto programu se mohou hl\u00e1sit rodi\u010de s d\u011btmi, kte\u0159\u00ed v tomto \u0161koln\u00edm roce dovr\u0161\u00ed v\u011bku 2 let.<\/p>\n\n\n\n<p>Kdo m\u00e1 tedy o tento projekt z\u00e1jem, zapi\u0161te se v \u0161atn\u00e1ch M\u0160, na email \u0161koly &#8211;\u00a0 <a href=\"mailto:zs.bystrocice@seznam.cz\">zs.bystrocice@seznam.cz<\/a> , telefonicky 585 941 269\u00a0 nebo se p\u0159ij\u010fte domluvit osobn\u011b.<\/p>\n\n\n\n<p>T\u011b\u0161\u00edme se na V\u00e1s.<\/p>\n","protected":false},"excerpt":{"rendered":"<p>V\u00e1\u017een\u00ed rodi\u010de, na\u0161e mate\u0159sk\u00e1 \u0161kola Bystro\u010dice vytvo\u0159ila, pro V\u00e1s a Va\u0161e d\u011bti, nov\u00fd adapta\u010dn\u00ed program s n\u00e1zvem MINI\u0160KOLI\u010cKA, jeho\u017e c\u00edlem je usnadnit adaptaci d\u00edt\u011bte p\u0159i vstupu do M\u0160 a rodi\u010d\u016fm umo\u017enit poznat styl v\u00fdchovn\u011b vzd\u011bl\u00e1vac\u00ed pr\u00e1ce M\u0160. Hlavn\u00edm c\u00edlem programu je d\u00edt\u011b co nejv\u00edce upoutat, zaujmout a sezn\u00e1mit se s [&hellip;]<\/p>\n","protected":false},"author":2,"featured_media":0,"parent":8,"menu_order":6,"comment_status":"closed","ping_status":"open","template":"","meta":{"ngg_post_thumbnail":0},"_links":{"self":[{"href":"https:\/\/www.zsbystrocice.cz\/index.php?rest_route=\/wp\/v2\/pages\/7972"}],"collection":[{"href":"https:\/\/www.zsbystrocice.cz\/index.php?rest_route=\/wp\/v2\/pages"}],"about":[{"href":"https:\/\/www.zsbystrocice.cz\/index.php?rest_route=\/wp\/v2\/types\/page"}],"author":[{"embeddable":true,"href":"https:\/\/www.zsbystrocice.cz\/index.php?rest_route=\/wp\/v2\/users\/2"}],"replies":[{"embeddable":true,"href":"https:\/\/www.zsbystrocice.cz\/index.php?rest_route=%2Fwp%2Fv2%2Fcomments&post=7972"}],"version-history":[{"count":3,"href":"https:\/\/www.zsbystrocice.cz\/index.php?rest_route=\/wp\/v2\/pages\/7972\/revisions"}],"predecessor-version":[{"id":14229,"href":"https:\/\/www.zsbystrocice.cz\/index.php?rest_route=\/wp\/v2\/pages\/7972\/revisions\/14229"}],"up":[{"embeddable":true,"href":"https:\/\/www.zsbystrocice.cz\/index.php?rest_route=\/wp\/v2\/pages\/8"}],"wp:attachment":[{"href":"https:\/\/www.zsbystrocice.cz\/index.php?rest_route=%2Fwp%2Fv2%2Fmedia&parent=7972"}],"curies":[{"name":"wp","href":"https:\/\/api.w.org\/{rel}","templated":true}]}}