{"id":5001,"date":"2016-06-14T08:11:15","date_gmt":"2016-06-14T07:11:15","guid":{"rendered":"http:\/\/www.zsbystrocice.cz\/?page_id=5001"},"modified":"2016-06-27T21:56:08","modified_gmt":"2016-06-27T20:56:08","slug":"na-zelene-stezce-1","status":"publish","type":"page","link":"https:\/\/www.zsbystrocice.cz\/?page_id=5001","title":{"rendered":"Na zelen\u00e9 stezce 1"},"content":{"rendered":"<p>N\u00e1zev projektu:<strong> Na zelen\u00e9 stezce<\/strong><\/p>\n<p>Ve \u0161koln\u00edm roce 2014\/2015 na\u0161e \u0161kola \u010derpala dotaci z rozpo\u010dtu Olomouck\u00e9ho kraje z dota\u010dn\u00edho programu Environment\u00e1ln\u00ed vzd\u011bl\u00e1v\u00e1n\u00ed, v\u00fdchova a osv\u011bta v Olomouck\u00e9m kraji v roce 2014.<\/p>\n<p>V r\u00e1mci projektu jsme uspo\u0159\u00e1dali p\u0159\u00edrodov\u011bdnou sout\u011b\u017e Na zelen\u00e9 stezce. Sout\u011b\u017ee se krom\u011b po\u0159adatele Z\u0160 a M\u0160 Bystro\u010dice z\u00fa\u010dastnila i Z\u0160 a M\u0160 Jedl\u00ed a Z\u0160 a M\u0160 Ol\u0161any u Prost\u011bjova. Sout\u011b\u017eilo se v ter\u00e9nu v t\u0159\u00ed\u010dlenn\u00fdch dru\u017estvech. Na vyzna\u010den\u00e9 stezce \u010dekalo \u017e\u00e1ky pozn\u00e1v\u00e1n\u00ed dvaceti obr\u00e1zk\u016f rostlin a \u017eivo\u010dich\u016f a t\u0159i stanovi\u0161t\u011b s p\u0159\u00edrodov\u011bdnou t\u00e9matikou. Pro v\u0161ehny z\u00fa\u010dastn\u011bn\u00e9 \u0161koly byla tak\u00e9 uspo\u0159\u00e1d\u00e1na beseda s n\u00e1zvem Plazi, jak je nezn\u00e1te.<\/p>\n<p>D\u00e1le bylo v r\u00e1mci projektu vybudov\u00e1no na \u0161koln\u00ed zahrad\u011b d\u0159ev\u011bn\u00e9 pexeso a d\u0159ev\u011bn\u00fd xylofon pro d\u011bti a zakoupeny encyklopedie do \u0161koln\u00ed knihovny.<\/p>\n<p>&nbsp;<\/p>\n<p>&nbsp;<\/p>\n","protected":false},"excerpt":{"rendered":"<p>N\u00e1zev projektu: Na zelen\u00e9 stezce Ve \u0161koln\u00edm roce 2014\/2015 na\u0161e \u0161kola \u010derpala dotaci z rozpo\u010dtu Olomouck\u00e9ho kraje z dota\u010dn\u00edho programu Environment\u00e1ln\u00ed vzd\u011bl\u00e1v\u00e1n\u00ed, v\u00fdchova a osv\u011bta v Olomouck\u00e9m kraji v roce 2014. V r\u00e1mci projektu jsme uspo\u0159\u00e1dali p\u0159\u00edrodov\u011bdnou sout\u011b\u017e Na zelen\u00e9 stezce. Sout\u011b\u017ee se krom\u011b po\u0159adatele Z\u0160 a M\u0160 Bystro\u010dice z\u00fa\u010dastnila [&hellip;]<\/p>\n","protected":false},"author":2,"featured_media":0,"parent":132,"menu_order":5,"comment_status":"closed","ping_status":"open","template":"","meta":{"ngg_post_thumbnail":0},"_links":{"self":[{"href":"https:\/\/www.zsbystrocice.cz\/index.php?rest_route=\/wp\/v2\/pages\/5001"}],"collection":[{"href":"https:\/\/www.zsbystrocice.cz\/index.php?rest_route=\/wp\/v2\/pages"}],"about":[{"href":"https:\/\/www.zsbystrocice.cz\/index.php?rest_route=\/wp\/v2\/types\/page"}],"author":[{"embeddable":true,"href":"https:\/\/www.zsbystrocice.cz\/index.php?rest_route=\/wp\/v2\/users\/2"}],"replies":[{"embeddable":true,"href":"https:\/\/www.zsbystrocice.cz\/index.php?rest_route=%2Fwp%2Fv2%2Fcomments&post=5001"}],"version-history":[{"count":4,"href":"https:\/\/www.zsbystrocice.cz\/index.php?rest_route=\/wp\/v2\/pages\/5001\/revisions"}],"predecessor-version":[{"id":5370,"href":"https:\/\/www.zsbystrocice.cz\/index.php?rest_route=\/wp\/v2\/pages\/5001\/revisions\/5370"}],"up":[{"embeddable":true,"href":"https:\/\/www.zsbystrocice.cz\/index.php?rest_route=\/wp\/v2\/pages\/132"}],"wp:attachment":[{"href":"https:\/\/www.zsbystrocice.cz\/index.php?rest_route=%2Fwp%2Fv2%2Fmedia&parent=5001"}],"curies":[{"name":"wp","href":"https:\/\/api.w.org\/{rel}","templated":true}]}}

Na zelené stezce 1

<p>Název projektu:<strong> Na zelené stezce</strong></p>
<p>Ve školním roce 2014/2015 naše škola čerpala dotaci z rozpočtu Olomouckého kraje z dotačního programu Environmentální vzdělávání, výchova a osvěta v Olomouckém kraji v roce 2014.</p>
<p>V rámci projektu jsme uspořádali přírodovědnou soutěž Na zelené stezce. Soutěže se kromě pořadatele ZŠ a MŠ Bystročice zúčastnila i ZŠ a MŠ Jedlí a ZŠ a MŠ Olšany u Prostějova. Soutěžilo se v terénu v tříčlenných družstvech. Na vyznačené stezce čekalo žáky poznávání dvaceti obrázků rostlin a živočichů a tři stanoviště s přírodovědnou tématikou. Pro všehny zúčastněné školy byla také uspořádána beseda s názvem Plazi, jak je neznáte.</p>
<p>Dále bylo v rámci projektu vybudováno na školní zahradě dřevěné pexeso a dřevěný xylofon pro děti a zakoupeny encyklopedie do školní knihovny.</p>
<p>&nbsp;</p>
<p>&nbsp;</p>

<p>Název projektu: Na zelené stezce Ve školním roce 2014/2015 naše škola čerpala dotaci z rozpočtu Olomouckého kraje z dotačního programu Environmentální vzdělávání, výchova a osvěta v Olomouckém kraji v roce 2014. V rámci projektu jsme uspořádali přírodovědnou soutěž Na zelené stezce. Soutěže se kromě pořadatele ZŠ a MŠ Bystročice zúčastnila [&hellip;]</p>
