{"id":445,"date":"2014-03-12T07:54:36","date_gmt":"2014-03-12T06:54:36","guid":{"rendered":"http:\/\/www.zsbystrocice.cz\/?page_id=445"},"modified":"2026-03-13T09:59:57","modified_gmt":"2026-03-13T08:59:57","slug":"dokumenty-2","status":"publish","type":"page","link":"https:\/\/www.zsbystrocice.cz\/?page_id=445","title":{"rendered":"Dokumenty"},"content":{"rendered":"<ul>\n \t<li><a href=\"https:\/\/www.zsbystrocice.cz\/wp-content\/uploads\/2014\/03\/Z\u00e1sady-pro-p\u0159ij\u00edm\u00e1n\u00ed-d\u011bt\u00ed-k-p\u0159ed\u0161koln\u00edmu-vzd\u011bl\u00e1v\u00e1n\u00ed1.pdf\">Z\u00e1sady pro p\u0159ij\u00edm\u00e1n\u00ed d\u011bt\u00ed k p\u0159ed\u0161koln\u00edmu vzd\u011bl\u00e1v\u00e1n\u00ed<\/a><\/li>\n \t<li><a href=\"https:\/\/www.zsbystrocice.cz\/wp-content\/uploads\/2014\/03\/\u0160VP-pro-p\u0159ed\u0161koln\u00ed-vzd\u011bl\u00e1v\u00e1n\u00ed.pdf\">\u0160VP pro p\u0159ed\u0161koln\u00ed vzd\u011bl\u00e1v\u00e1n\u00ed<\/a><\/li>\n \t<li><a href=\"https:\/\/www.zsbystrocice.cz\/wp-content\/uploads\/2014\/03\/\u00daplata-za-p\u0159ed\u0161koln\u00ed-vzd\u011bl\u00e1v\u00e1n\u00ed1.pdf\">\u00daplata za p\u0159ed\u0161koln\u00ed vzd\u011bl\u00e1v\u00e1n\u00ed<\/a><\/li>\n \t<li>\n<div class=\"wp-block-file\"><a id=\"wp-block-file--media-5a810fd2-be65-4741-825d-b1222de51da6\" href=\"https:\/\/www.zsbystrocice.cz\/wp-content\/uploads\/2023\/10\/Skolni-rad-MS.pdf\">Skolni-rad-MS<\/a><\/div>\n<\/li>\n \t<li>\n<div class=\"wp-block-file\"><a id=\"wp-block-file--media-87023954-7f74-4f33-b3a4-a386def678e0\" href=\"https:\/\/www.zsbystrocice.cz\/wp-content\/uploads\/2023\/03\/Jak-muzete-pomoci-svym-detem.pdf\">Jak-muzete-pomoci-svym-detem<\/a><\/div>\n<\/li>\n \t<li>\n<div class=\"wp-block-file\"><a id=\"wp-block-file--media-9d21752f-ec19-44d6-9414-2e985fc7e19e\" href=\"https:\/\/www.zsbystrocice.cz\/wp-content\/uploads\/2023\/03\/Desatero-pro-rodice.pdf\">Desatero-pro-rodice<\/a><\/div>\n<\/li>\n \t<li>\n<div class=\"wp-block-file\"><a id=\"wp-block-file--media-0551d4b0-aba8-48d8-848c-ba110c149b96\" href=\"https:\/\/www.zsbystrocice.cz\/wp-content\/uploads\/2025\/04\/Prihlaska-ditete-k-zapisu-do-materske-skoly.pdf\">Prihlaska-ditete-k-zapisu-do-materske-skoly<\/a><\/div>\n<\/li>\n \t<li>\n<div class=\"wp-block-file\"><a id=\"wp-block-file--media-bf59ca84-8eb3-4007-9220-fa6afcb01917\" href=\"https:\/\/www.zsbystrocice.cz\/wp-content\/uploads\/2026\/01\/Zadost-o-prijeti-ditete-k-predskolnimu-vzdelavani.pdf\">Zadost-o-prijeti-ditete-k-predskolnimu-vzdelavani<\/a><\/div>\n<\/li>\n<\/ul>","protected":false},"excerpt":{"rendered":"<p>Z\u00e1sady pro p\u0159ij\u00edm\u00e1n\u00ed d\u011bt\u00ed k p\u0159ed\u0161koln\u00edmu vzd\u011bl\u00e1v\u00e1n\u00ed \u0160VP pro p\u0159ed\u0161koln\u00ed vzd\u011bl\u00e1v\u00e1n\u00ed \u00daplata za p\u0159ed\u0161koln\u00ed vzd\u011bl\u00e1v\u00e1n\u00ed<\/p>\n","protected":false},"author":1,"featured_media":0,"parent":8,"menu_order":4,"comment_status":"closed","ping_status":"open","template":"","meta":{"ngg_post_thumbnail":0},"_links":{"self":[{"href":"https:\/\/www.zsbystrocice.cz\/index.php?rest_route=\/wp\/v2\/pages\/445"}],"collection":[{"href":"https:\/\/www.zsbystrocice.cz\/index.php?rest_route=\/wp\/v2\/pages"}],"about":[{"href":"https:\/\/www.zsbystrocice.cz\/index.php?rest_route=\/wp\/v2\/types\/page"}],"author":[{"embeddable":true,"href":"https:\/\/www.zsbystrocice.cz\/index.php?rest_route=\/wp\/v2\/users\/1"}],"replies":[{"embeddable":true,"href":"https:\/\/www.zsbystrocice.cz\/index.php?rest_route=%2Fwp%2Fv2%2Fcomments&post=445"}],"version-history":[{"count":28,"href":"https:\/\/www.zsbystrocice.cz\/index.php?rest_route=\/wp\/v2\/pages\/445\/revisions"}],"predecessor-version":[{"id":14694,"href":"https:\/\/www.zsbystrocice.cz\/index.php?rest_route=\/wp\/v2\/pages\/445\/revisions\/14694"}],"up":[{"embeddable":true,"href":"https:\/\/www.zsbystrocice.cz\/index.php?rest_route=\/wp\/v2\/pages\/8"}],"wp:attachment":[{"href":"https:\/\/www.zsbystrocice.cz\/index.php?rest_route=%2Fwp%2Fv2%2Fmedia&parent=445"}],"curies":[{"name":"wp","href":"https:\/\/api.w.org\/{rel}","templated":true}]}}