{"id":30,"date":"2014-01-23T14:47:08","date_gmt":"2014-01-23T13:47:08","guid":{"rendered":"http:\/\/www.zsbystrocice.cz\/?page_id=30"},"modified":"2025-09-04T13:25:16","modified_gmt":"2025-09-04T12:25:16","slug":"plan-akci","status":"publish","type":"page","link":"https:\/\/www.zsbystrocice.cz\/?page_id=30","title":{"rendered":"Pl\u00e1n akc\u00ed"},"content":{"rendered":"<p><strong>Pl\u00e1n akc\u00ed M\u0160 Bystro\u010dice<\/strong><\/p>\n<p><\/p>\n<p><strong>Z\u00e1\u0159\u00ed<\/strong><\/p>\n<p>1.9. Zah\u00e1jen\u00ed nov\u00e9ho \u0161koln\u00edho roku<\/p>\n<p>4.9. Sch\u016fzka rodi\u010d\u016f d\u011bt\u00ed M\u0160 v 16.00 hod.<\/p>\n<p>27.9. Buchtobran\u00ed + D\u00fd\u0148obran\u00ed ve spolupr\u00e1ci s obc\u00ed<\/p>\n<p><strong>\u0158\u00edjen<\/strong><\/p>\n<p>Draki\u00e1da<\/p>\n<p>Broukohran\u00ed s&nbsp;usp\u00e1v\u00e1n\u00edm brou\u010dk\u016f<\/p>\n<p><\/p>\n<p><strong>Listopad<\/strong><\/p>\n<p>11.11. Svat\u00fd Martin na b\u00edl\u00e9m koni<\/p>\n<p><\/p>\n<p><strong>Prosinec<\/strong><\/p>\n<p>6.12. Mikul\u00e1\u0161<\/p>\n<p>10.12. Sch\u016fzka rodi\u010d\u016f p\u0159ed\u0161kol\u00e1k\u016f, Den otev\u0159en\u00fdch dve\u0159\u00ed&nbsp; M\u0160 a Z\u0160, \u010cesko zp\u00edv\u00e1 koledy<\/p>\n<p>V\u00e1no\u010dn\u00ed bes\u00eddka s&nbsp;nad\u011blov\u00e1n\u00edm od Je\u017e\u00ed\u0161ka<\/p>\n<p>V\u00e1no\u010dn\u00ed strom pro zv\u00ed\u0159\u00e1tka a pt\u00e1\u010dky<\/p>\n<p><\/p>\n<p><strong>Leden<\/strong><\/p>\n<p>T\u0159\u00edkr\u00e1lov\u00e1 sb\u00edrka v&nbsp;obci<\/p>\n<p>28. 1. Z\u00e1pis do 1. ro\u010dn\u00edku Z\u0160<\/p>\n<p><\/p>\n<p><strong>\u00danor<\/strong><\/p>\n<p>Masopust<\/p>\n<p><\/p>\n<p><strong>B\u0159ezen<\/strong><\/p>\n<p>Karneval<\/p>\n<p>Vyn\u00e1\u0161en\u00ed Moreny<\/p>\n<p><\/p>\n<p><strong>Duben<\/strong><\/p>\n<p>Den Zem\u011b<\/p>\n<p>\u010carod\u011bjnice \u2013 akce obce Bystro\u010dice<\/p>\n<p><\/p>\n<p><strong>Kv\u011bten<\/strong><\/p>\n<p>Den rodin<\/p>\n<p><\/p>\n<p><strong>\u010cerven<\/strong><\/p>\n<p>V\u00fdlet<\/p>\n<p>26. 6. Z\u00e1v\u011bre\u010dn\u00e1 \u0161koln\u00ed slavnost<\/p>\n<p><\/p>\n<p><\/p>\n<p><\/p>\n<p><\/p>\n\n\n<p><\/p>\n","protected":false},"excerpt":{"rendered":"<p>Pl\u00e1n akc\u00ed M\u0160 Bystro\u010dice Z\u00e1\u0159\u00ed 1.9. Zah\u00e1jen\u00ed nov\u00e9ho \u0161koln\u00edho roku 4.9. Sch\u016fzka rodi\u010d\u016f d\u011bt\u00ed M\u0160 v 16.00 hod. 27.9. Buchtobran\u00ed + D\u00fd\u0148obran\u00ed ve spolupr\u00e1ci s obc\u00ed \u0158\u00edjen Draki\u00e1da Broukohran\u00ed s&nbsp;usp\u00e1v\u00e1n\u00edm brou\u010dk\u016f Listopad 11.11. Svat\u00fd Martin na b\u00edl\u00e9m koni Prosinec 6.12. Mikul\u00e1\u0161 10.12. Sch\u016fzka rodi\u010d\u016f p\u0159ed\u0161kol\u00e1k\u016f, Den otev\u0159en\u00fdch dve\u0159\u00ed&nbsp; M\u0160 a [&hellip;]<\/p>\n","protected":false},"author":1,"featured_media":0,"parent":8,"menu_order":2,"comment_status":"closed","ping_status":"closed","template":"","meta":{"ngg_post_thumbnail":0},"_links":{"self":[{"href":"https:\/\/www.zsbystrocice.cz\/index.php?rest_route=\/wp\/v2\/pages\/30"}],"collection":[{"href":"https:\/\/www.zsbystrocice.cz\/index.php?rest_route=\/wp\/v2\/pages"}],"about":[{"href":"https:\/\/www.zsbystrocice.cz\/index.php?rest_route=\/wp\/v2\/types\/page"}],"author":[{"embeddable":true,"href":"https:\/\/www.zsbystrocice.cz\/index.php?rest_route=\/wp\/v2\/users\/1"}],"replies":[{"embeddable":true,"href":"https:\/\/www.zsbystrocice.cz\/index.php?rest_route=%2Fwp%2Fv2%2Fcomments&post=30"}],"version-history":[{"count":20,"href":"https:\/\/www.zsbystrocice.cz\/index.php?rest_route=\/wp\/v2\/pages\/30\/revisions"}],"predecessor-version":[{"id":14231,"href":"https:\/\/www.zsbystrocice.cz\/index.php?rest_route=\/wp\/v2\/pages\/30\/revisions\/14231"}],"up":[{"embeddable":true,"href":"https:\/\/www.zsbystrocice.cz\/index.php?rest_route=\/wp\/v2\/pages\/8"}],"wp:attachment":[{"href":"https:\/\/www.zsbystrocice.cz\/index.php?rest_route=%2Fwp%2Fv2%2Fmedia&parent=30"}],"curies":[{"name":"wp","href":"https:\/\/api.w.org\/{rel}","templated":true}]}}