{"id":16,"date":"2014-01-23T14:43:48","date_gmt":"2014-01-23T13:43:48","guid":{"rendered":"http:\/\/www.zsbystrocice.cz\/?page_id=16"},"modified":"2024-09-10T12:16:58","modified_gmt":"2024-09-10T11:16:58","slug":"organizace-skoly","status":"publish","type":"page","link":"https:\/\/www.zsbystrocice.cz\/?page_id=16","title":{"rendered":"O \u0161kole"},"content":{"rendered":"<p>Jsme malot\u0159\u00eddn\u00ed Z\u0160 se dv\u011bma odd\u011blen\u00edmi M\u0160, \u0161koln\u00ed dru\u017einou a \u0161koln\u00ed j\u00eddelnou &#8211; v\u00fddejnou. Vzd\u011bl\u00e1v\u00e1me \u017e\u00e1ky 1. &#8211; 5. ro\u010dn\u00edku. V leto\u0161n\u00edm \u0161koln\u00edm roce nav\u0161t\u011bvuje \u0161kolu 47 \u017e\u00e1k\u016f. V na\u0161\u00ed \u0161kole vyu\u010dujeme Informatiku&nbsp; od 3. ro\u010dn\u00edku. B\u011bhem \u0161koln\u00edho roku po\u0159\u00e1d\u00e1me mnoho \u0161koln\u00edch akc\u00ed a \u00fa\u010dastn\u00edme se zaj\u00edmav\u00fdch projekt\u016f. D\u011bti maj\u00ed na v\u00fdb\u011br z velk\u00e9ho po\u010dtu krou\u017ek\u016f.<\/p>\n","protected":false},"excerpt":{"rendered":"<p>Jsme malot\u0159\u00eddn\u00ed Z\u0160 se dv\u011bma odd\u011blen\u00edmi M\u0160, \u0161koln\u00ed dru\u017einou a \u0161koln\u00ed j\u00eddelnou &#8211; v\u00fddejnou. Vzd\u011bl\u00e1v\u00e1me \u017e\u00e1ky 1. &#8211; 5. ro\u010dn\u00edku. V leto\u0161n\u00edm \u0161koln\u00edm roce nav\u0161t\u011bvuje \u0161kolu 47 \u017e\u00e1k\u016f. V na\u0161\u00ed \u0161kole vyu\u010dujeme Informatiku&nbsp; od 3. ro\u010dn\u00edku. B\u011bhem \u0161koln\u00edho roku po\u0159\u00e1d\u00e1me mnoho \u0161koln\u00edch akc\u00ed a \u00fa\u010dastn\u00edme se zaj\u00edmav\u00fdch projekt\u016f. D\u011bti maj\u00ed [&hellip;]<\/p>\n","protected":false},"author":1,"featured_media":0,"parent":4,"menu_order":1,"comment_status":"closed","ping_status":"closed","template":"","meta":{"ngg_post_thumbnail":0},"_links":{"self":[{"href":"https:\/\/www.zsbystrocice.cz\/index.php?rest_route=\/wp\/v2\/pages\/16"}],"collection":[{"href":"https:\/\/www.zsbystrocice.cz\/index.php?rest_route=\/wp\/v2\/pages"}],"about":[{"href":"https:\/\/www.zsbystrocice.cz\/index.php?rest_route=\/wp\/v2\/types\/page"}],"author":[{"embeddable":true,"href":"https:\/\/www.zsbystrocice.cz\/index.php?rest_route=\/wp\/v2\/users\/1"}],"replies":[{"embeddable":true,"href":"https:\/\/www.zsbystrocice.cz\/index.php?rest_route=%2Fwp%2Fv2%2Fcomments&post=16"}],"version-history":[{"count":7,"href":"https:\/\/www.zsbystrocice.cz\/index.php?rest_route=\/wp\/v2\/pages\/16\/revisions"}],"predecessor-version":[{"id":13590,"href":"https:\/\/www.zsbystrocice.cz\/index.php?rest_route=\/wp\/v2\/pages\/16\/revisions\/13590"}],"up":[{"embeddable":true,"href":"https:\/\/www.zsbystrocice.cz\/index.php?rest_route=\/wp\/v2\/pages\/4"}],"wp:attachment":[{"href":"https:\/\/www.zsbystrocice.cz\/index.php?rest_route=%2Fwp%2Fv2%2Fmedia&parent=16"}],"curies":[{"name":"wp","href":"https:\/\/api.w.org\/{rel}","templated":true}]}}